*x - 20*x. What are the prime factors of x?
257
Let a(c) = 80*c**3 + 2*c**2 - 2*c + 1. Let j(q) = -161*q**3 - 5*q**2 + 5*q - 2. Let d(p) = -5*a(p) - 2*j(p). What are the prime factors of d(-1)?
7, 11
Suppose -5*t - 1 = 4*o - 71, -2*t = 5*o - 11. Let x be ((-6)/(-5))/(t/45). Suppose 0 = x*j + 5*y - 0*y - 35, -j + 19 = -2*y. List the prime factors of j.
3, 5
Let k(a) = -a**2 + 3*a - 2. Let j be k(3). Let c be (1 + -2)/(j/12). Suppose 0 = -4*v + 2*v + c. What are the prime factors of v?
3
Let x(p) = -9*p. Let q(f) = -f + 1. Let b be ((-1)/1)/(11 - 10). Let m(k) = b*x(k) + 5*q(k). What are the prime factors of m(11)?
7
Let i(z) = -z + 70*z**2 - 42*z**2 - 38*z**2 + 5 - z**3 + 1. Suppose 0 = 5*s + 5*k + 40, 6*s + k + 18 = 4*s. What are the prime factors of i(s)?
2
Let x be (-20)/16 + (-1)/(-4). Let p(w) = -39*w - 3. List the prime factors of p(x).
2, 3
Suppose c + 12 = 2*a, 9 = -c + 5*a - 0. Let u(h) = h**2 + 22*h + 6. Let z be u(c). List the prime factors of 2/(-6) + z/(-3).
5, 7
Let v(o) = o + 12. Let i be v(0). Suppose 0 = -11*t + i*t - 4. Let k = 10 - t. What are the prime factors of k?
2, 3
Let p(c) = c**2 + 13*c - 36. List the prime factors of p(11).
2, 3, 19
Let b(m) = -m**3 - 4*m**2 + 6*m + 12. Let q be b(-5). Suppose -t + 38 = -q. List the prime factors of t.
3, 5
Let h = -59 - -119. Suppose -2*r = 0, 3*u + 5*r - 6 = 2*r. Suppose 0 = u*n + 2*o - h, 3*n - 5*o - 102 = -2*o. What are the prime factors of n?
2
Suppose -w = 6*h - h + 5, -h = -w - 5. Suppose 4*v + 12 = -h. Let x = 45 - v. List the prime factors of x.
2, 3
Let y(c) = -2*c**3 + 5*c**2 - 4*c - 10. List the prime factors of y(-8).
2, 683
Suppose 0*j = -5*j, -416 = -4*i + 4*j. Suppose -3*f + i + 20 = -4*o, -4*o = 4*f - 156. List the prime factors of f.
2, 5
Suppose b - 478 = -5*i, -b + 2*i + 169 = -274. What are the prime factors of b?
3, 151
Let p = 3780 + 572. List the prime factors of p.
2, 17
Let y(a) = a**2 + 6*a - 27. Let v be y(-9). List the prime factors of (v + 34)/((-7)/(49/(-14))).
17
Let v = 109 - 113. Let w(j) = -2*j + 4. Let i be w(3). What are the prime factors of (49/7)/(i/v)?
2, 7
Suppose 0 = -26*b + 973 + 2355. List the prime factors of b.
2
Let d = 18 - -30. Let h = d - -29. List the prime factors of h.
7, 11
Let q(f) = f**3 + 20*f**2 + 21*f + 1. What are the prime factors of q(-18)?
271
Let g = 197 - 106. List the prime factors of g.
7, 13
Let w be (-1 - 2)*-1 + 8 + -11. Suppose 5*g + 161 = -w*n + n, 3*n = -g + 419. What are the prime factors of n?
3, 47
Suppose -4*j = -f - 8 + 34, -62 = -5*f + 3*j. What are the prime factors of f*((-756)/30)/(-1)?
2, 3, 7
Let a(c) = c**2 - 16*c + 1520. What are the prime factors of a(0)?
2, 5, 19
Suppose -j - 217 = -7*c + 2*c, -3*c + 5*j + 117 = 0. Let n = c - 23. Let q = -8 + n. List the prime factors of q.
13
Let o = 20 + -18. Suppose 0 = o*c - 3*i - 563, 2*i + 1114 = 5*c - c. Suppose 5*t - c + 72 = 0. What are the prime factors of t?
41
Let d be (-240)/640 + (-294)/(-16). Let v be 5*(-34)/(-5)*1. Suppose v*t + d = 35*t. What are the prime factors of t?
2, 3
Let c(r) = 26*r**2 + 17*r - 13*r**2 + 2*r**3 + 12 - 3*r**3 + 2*r**3. What are the prime factors of c(-11)?
67
Let h be (-8 - -4 - -5)*38. Suppose 9*y - h = 8*y. What are the prime factors of y?
2, 19
Suppose 10*i = 22 + 38. Suppose i*g - g - 665 = 0. What are the prime factors of g?
7, 19
Suppose -4*f + 519 = -849. What are the prime factors of f?
2, 3, 19
Let t(b) = b**3 + 3*b**2 - b + 165. Let r(m) = -5*m**3 - 16*m**2 + 4*m - 824. Let u(y) = 2*r(y) + 11*t(y). What are the prime factors of u(0)?
167
Suppose 140 = 8*j - j. Suppose -j + 6 = -2*f + 2*v, -2*v = -f + 3. What are the prime factors of f?
11
Suppose -99*i = -93*i - 9204. List the prime factors of i.
2, 13, 59
Suppose -25*m - 4 = -26*m. Suppose m*r + 1 - 93 = 0. What are the prime factors of r?
23
What are the prime factors of 275/95 - 3 - 13226/(-19)?
2, 3, 29
Let w = 239 + 711. What are the prime factors of w?
2, 5, 19
Suppose -i + 5*l = -570, -9*i - l = -7*i - 1096. What are the prime factors of i?
2, 5, 11
Let r(x) = -9*x + 22. Let p be r(6). Let k = -9 - -13. Let u = k - p. List the prime factors of u.
2, 3
Suppose 2*f - 2247 - 3341 = -3*l, 2*l + 4*f = 3712. List the prime factors of l.
2, 3, 311
Let k(l) = l**3 + 5*l**2 - 6*l + 7. Let i be k(-5). Let f(b) = -37 + b**2 + i + 2*b**2 - 3*b. List the prime factors of f(-3).
2, 3
Let i = 104 - 100. What are the prime factors of -274*(-1)/(i - 2)?
137
Let b be 657/(-6) - (2 - (-15)/(-6)). Let c = -55 - b. What are the prime factors of c?
2, 3
Suppose -7*o + 8*o + 2 = 0. List the prime factors of o/7 + 1404/14.
2, 5
Let q = -2 + 1. Let z(f) = 69*f**2 - 1. List the prime factors of z(q).
2, 17
Suppose y + 4 = 2*q, -3*y - 13 = -2*y - 5*q. List the prime factors of y.
2
Let i be 18/(-63) - 37/(-7). Suppose 4*g - i*g = -129. What are the prime factors of g?
3, 43
Let m(c) = c**2. Let u(j) = j**3 + 3*j**2 - 12*j - 5. Let l(k) = 2*m(k) - u(k). What are the prime factors of l(-5)?
3, 5
Suppose 16*a - 85592 = 3*a. List the prime factors of a.
2, 823
Let m be (560/(-12))/10*(-1 + -14). List the prime factors of (-2)/(-5) - (-18522)/m.
5, 53
Let w = -68 + 76. Suppose 3*k - w*k = -420. What are the prime factors of k?
2, 3, 7
Let a = 5 - -18. Let t = 24 - a. List the prime factors of 4 + (2/t - -37).
43
Let n(h) = -h**3 - 4*h**2 - 5*h - 5. Let o = -55 - -51. What are the prime factors of n(o)?
3, 5
Let c = -2287 + 3958. What are the prime factors of c?
3, 557
Suppose 5*i + 385 = 6*i. Suppose 3*n = -2*n + i. What are the prime factors of n?
7, 11
List the prime factors of 4*4/(-12)*33/(-4).
11
Let l(k) = -k**3 + 3*k**2 + 5*k + 21. What are the prime factors of l(-4)?
113
Let c(x) = -8*x + 1. Suppose 0 = 5*w - 5*z + 30, -5*w = z + 2*z + 46. Let o = -11 - w. List the prime factors of c(o).
5
List the prime factors of (((-9531)/6)/(-9))/(1/2).
353
Suppose -3*s + 18 = 4*f - s, 5*f - 3*s = -5. Suppose -f*x - 749 = -9*x. List the prime factors of x.
107
Let x(a) = -a**3 - 7*a**2 - 7*a + 6. Let u be 2 + 0 + (-40)/5. Let w be (-2)/u + 266/(-42). List the prime factors of x(w).
2, 3
Let v(k) be the first derivative of -k**2/2 - 27*k + 6. Let i be v(-11). Let x = i + 35. What are the prime factors of x?
19
Suppose 14*t - 10*t - 96 = 0. Suppose -11*i - t = -15*i. What are the prime factors of 234/i - (4 - 1)?
2, 3
Suppose 474 = 4*t - a, 3*t - 351 = 3*a - 0*a. What are the prime factors of t?
7, 17
Let k = 906 - 576. List the prime factors of k.
2, 3, 5, 11
Let r = 626 + -416. Suppose 141 = 3*c - r. List the prime factors of c.
3, 13
Suppose 34 = 13*b - 18. Suppose 4*j - b*s - 334 = -22, 306 = 4*j + 2*s. List the prime factors of j.
7, 11
List the prime factors of 2/(-14) - 64753/(-119).
2, 17
Suppose 2*o - 10 = 5*j, 7*o = 4*o + 5*j + 10. Suppose 3*k - 351 = -2*w, -w + 235 = 2*k - o*w. What are the prime factors of k?
7, 17
Let l(v) = -v**3 + 13*v**2 + 3*v - 19. Suppose 4 = -5*x + 69. Let o be l(x). Let s = o - -7. What are the prime factors of s?
3
Let s(q) = -6*q - 4. Suppose 3*w + 32 = -w. What are the prime factors of s(w)?
2, 11
Let v be -1*5/((-10)/4). Suppose -v*b - 2*b + 220 = 0. Suppose b = 5*h - q, 3*h - 6*h = -2*q - 40. What are the prime factors of h?
2, 5
Let v be 81/(-15) + 18/(-30). Let j be (8/v)/((-5)/15). What are the prime factors of 4 + 49 + (4 - j)?
53
Suppose 3*m = -4*f + 10 - 0, -f = 3*m - 7. Let c(o) = -o**3 + 2*o**2 + 2*o - 2. What are the prime factors of c(m)?
2
Let b(n) = -3*n**2 + n + 2. Let u be b(2). Suppose 3*d - 1818 = -1512. List the prime factors of (u/(-2))/(12/d).
2, 17
Let t(p) = 255*p**2 - 14*p + 14. What are the prime factors of t(-4)?
2, 5, 83
Let z be (-2 + 3)/((-5)/(-20)). Suppose 2*d = -5*f - 3 + 5, 2*d + z = -2*f. Let c = 10 - d. What are the prime factors of c?
2, 7
Suppose j + w - 18 = 0, 3*w + 0 = -2*j + 39. Suppose 221 - j = 2*t. Suppose -2*n + 4 + 2 = 0, -5*n = 4*l - t. List the prime factors of l.
2, 11
Let k be (-10)/30 + 34/3. Suppose -3*a = -2*a - k. Suppose -2*x + a = -41. What are the prime factors of x?
2, 13
Let m(u) = u**3 - 22*u**2 - 14*u - 24. Let i be m(22). Let w = i + 490. What are the prime factors of w?
2, 79
Let x(w) = w**2 + 1. Let f(s) = -2*s - 11. Let h be f(-5). Let z(m) = -2*m**2 + 2*m + 1. Let k(n) = h*z(n) + 2*x(